emainder when 20107 is divided by 477.
73
Calculate the remainder when 249617 is divided by 124807.
3
Calculate the remainder when 2229791 is divided by 48.
47
Calculate the remainder when 12088 is divided by 447.
19
Calculate the remainder when 53497 is divided by 13373.
5
Calculate the remainder when 220 is divided by 99.
22
What is the remainder when 1312 is divided by 131?
2
What is the remainder when 22872 is divided by 674?
630
What is the remainder when 23455 is divided by 11724?
7
What is the remainder when 31751 is divided by 29?
25
What is the remainder when 4661493 is divided by 41?
39
What is the remainder when 76494 is divided by 56?
54
What is the remainder when 110193 is divided by 27532?
65
What is the remainder when 3287 is divided by 801?
83
What is the remainder when 1610 is divided by 26?
24
What is the remainder when 4747 is divided by 537?
451
Calculate the remainder when 431 is divided by 106.
7
Calculate the remainder when 11869 is divided by 348.
37
Calculate the remainder when 230791 is divided by 58.
9
What is the remainder when 7521 is divided by 1874?
25
Calculate the remainder when 7405 is divided by 2462.
19
Calculate the remainder when 218319 is divided by 1373.
12
Calculate the remainder when 6531 is divided by 814.
19
What is the remainder when 62081 is divided by 15507?
53
Calculate the remainder when 968238 is divided by 490.
488
What is the remainder when 4273 is divided by 187?
159
What is the remainder when 6520 is divided by 107?
100
Calculate the remainder when 36246 is divided by 155.
131
Calculate the remainder when 58108 is divided by 149.
147
Calculate the remainder when 6254 is divided by 83.
29
Calculate the remainder when 1676 is divided by 35.
31
What is the remainder when 646270 is divided by 297?
295
Calculate the remainder when 2840 is divided by 708.
8
What is the remainder when 1567 is divided by 582?
403
Calculate the remainder when 15975 is divided by 333.
324
Calculate the remainder when 871 is divided by 834.
37
What is the remainder when 86075 is divided by 350?
325
Calculate the remainder when 35911 is divided by 1088.
7
What is the remainder when 3649 is divided by 1797?
55
Calculate the remainder when 28375 is divided by 9457.
4
Calculate the remainder when 52237 is divided by 32.
13
What is the remainder when 10554 is divided by 51?
48
What is the remainder when 60634 is divided by 8657?
35
Calculate the remainder when 41379 is divided by 13789.
12
What is the remainder when 20045 is divided by 6?
5
What is the remainder when 56927 is divided by 97?
85
What is the remainder when 26993 is divided by 1927?
15
What is the remainder when 331885 is divided by 339?
4
What is the remainder when 24196 is divided by 129?
73
What is the remainder when 5988 is divided by 226?
112
What is the remainder when 1434 is divided by 273?
69
What is the remainder when 18590 is divided by 9249?
92
Calculate the remainder when 5657 is divided by 564.
17
What is the remainder when 12969 is divided by 3242?
1
Calculate the remainder when 29893 is divided by 101.
98
What is the remainder when 152862 is divided by 122?
118
Calculate the remainder when 65855 is divided by 9.
2
What is the remainder when 1435 is divided by 219?
121
Calculate the remainder when 12059 is divided by 161.
145
What is the remainder when 16698 is divided by 300?
198
What is the remainder when 5648 is divided by 39?
32
What is the remainder when 21151 is divided by 70?
11
Calculate the remainder when 1985 is divided by 786.
413
Calculate the remainder when 274327 is divided by 2828.
11
What is the remainder when 39766 is divided by 13?
12
What is the remainder when 30832 is divided by 37?
11
What is the remainder when 47918 is divided by 11977?
10
What is the remainder when 208598 is divided by 2513?
19
What is the remainder when 2784 is divided by 21?
12
What is the remainder when 28391 is divided by 111?
86
Calculate the remainder when 13627 is divided by 46.
11
What is the remainder when 4942239 is divided by 632?
631
What is the remainder when 6347 is divided by 2082?
101
Calculate the remainder when 11223 is divided by 92.
91
Calculate the remainder when 37362 is divided by 5249.
619
What is the remainder when 241219 is divided by 60295?
39
Calculate the remainder when 14475 is divided by 130.
45
What is the remainder when 435756 is divided by 23?
21
Calculate the remainder when 14763 is divided by 53.
29
Calculate the remainder when 13678 is divided by 111.
25
What is the remainder when 6791 is divided by 1341?
86
What is the remainder when 21094 is divided by 25?
19
What is the remainder when 256048 is divided by 415?
408
What is the remainder when 432 is divided by 175?
82
Calculate the remainder when 1653 is divided by 319.
58
Calculate the remainder when 15201 is divided by 310.
11
What is the remainder when 16294 is divided by 14?
12
What is the remainder when 38653 is divided by 128?
125
What is the remainder when 4135339 is divided by 220?
219
What is the remainder when 4408830 is divided by 43?
40
What is the remainder when 37827 is divided by 37801?
26
What is the remainder when 78620 is divided by 19648?
28
Calculate the remainder when 145365 is divided by 24.
21
Calculate the remainder when 2811 is divided by 123.
105
Calculate the remainder when 962 is divided by 133.
31
Calculate the remainder when 165020 is divided by 13748.
44
Calculate the remainder when 492209 is divided by 35.
4
Calculate the remainder when 9667 is divided by 156.
151
Calculate the remainder when 9140 is divided by 299.
170
What is the remainder when 26654 is divided by 14?
12
Calculate the remainder when 4769 is divided by 2368.
33
What is the remainder when 73513 is divided by 20?
13
Calculate the remainder when 23928 is divided by 1502.
1398
Calculate the remainder when 25163 is divided by 4193.
5
What is the remainder when 7695 is divided by 171?
0
What is the remainder when 178316 is divided by 542?
540
Calculate the remainder when 102454 is divided by 10.
4
What is the remainder when 6702 is divided by 352?
14
Calculate the remainder when 130471 is divided by 171.
169
What is the remainder when 67973 is divided by 1581?
1571
What is the remainder when 143922 is divided by 25?
22
What is the remainder when 694474 is divided by 1146?
1144
What is the remainder when 1109708 is divided by 16?
12
What is the remainder when 22751 is divided by 52?
27
Calculate the remainder when 13483 is divided by 1048.
907
Calculate the remainder when 1733 is divided by 33.
17
Calculate the remainder when 1033 is divided by 127.
17
Calculate the remainder when 6307 is divided by 547.
290
Calculate the remainder when 2692 is divided by 267.
22
Calculate the remainder when 15170 is divided by 60.
50
Calculate the remainder when 150 is divided by 10.
0
Calculate the remainder when 14180 is divided by 394.
390
What is the remainder when 1918 is divided by 41?
32
Calculate the remainder when 15424 is divided by 4887.
763
What is the remainder when 12405 is divided by 105?
15
Calculate the remainder when 1136642 is divided by 87.
74
What is the remainder when 2879202 is divided by 119?
116
Calculate the remainder when 1715 is divided by 61.
7
Calculate the remainder when 978 is divided by 245.
243
Calculate the remainder when 26394 is divided by 318.
0
What is the remainder when 1636 is divided by 327?
1
What is the remainder when 61675 is divided by 6849?
34
Calculate the remainder when 52766 is divided by 1256.
14
What is the remainder when 5296 is divided by 354?
340
Calculate the remainder when 368045 is divided by 381.
380
Calculate the remainder when 360492 is divided by 15.
12
What is the remainder when 5524 is divided by 351?
259
Calculate the remainder when 333845 is divided by 86.
79
What is the remainder when 2100 is divided by 4?
0
Calculate the remainder when 834 is divided by 263.
45
What is the remainder when 9743 is divided by 14?
13
Calculate the remainder when 25699 is divided by 1727.
1521
What is the remainder when 10394 is divided by 233?
142
Calculate the remainder when 134397 is divided by 32.
29
What is the remainder when 31293 is divided by 385?
108
What is the remainder when 317761 is divided by 245?
241
What is the remainder when 5